60
Suppose -109 = 2*w - 23. Let g = -40 - w. Let u(p) = 7 - 4*p**g + p**2 - p - p**3 - 8. Calculate u(-1).
6
Let k be 8/3*(-6)/(-4). Suppose -2*j = -w - 2, -k*j = 3*w - 0 + 6. Let s(p) = -p**2 + j*p**2 + 4*p**2 - 8*p - 4*p**2 - 9. Calculate s(-6).
3
Suppose 8 = 7*u - 3*u. Suppose 3*n - 33 = -27. Let t(p) = n*p**2 - 2*p + 160 + 0*p**2 - 159. Give t(u).
5
Let x = 342 + -340. Let s(n) = -77*n**2 + 61*n**x + 17*n**2 - n + 3. Calculate s(3).
9
Let t = 5 + -4. Let c(q) be the first derivative of 8*q**3/3 - q**2 + q + 43. Determine c(t).
7
Let k(x) = -x - 33. Let f be k(-27). Let j(u) = 17*u + 110. Let o be j(f). Let p(l) = -2*l + 7. What is p(o)?
-9
Let r(k) = -2*k**3 + 6*k**2 - 161*k + 308. Let d be r(2). Let i(o) = -2*o**3 - 11*o**2 + 12*o - 4. What is i(d)?
-40
Let l(u) = u**2 + 21*u + 106. Suppose 2*f + y + 17 = 0, -26 = 70*f - 67*f + y. Give l(f).
-2
Let x(g) = -3*g**2 - 104*g - 261. Let u be x(-32). Let q(y) be the first derivative of y**2 + 6*y + 3. What is q(u)?
-4
Suppose 3*g = g + 6. Suppose g*o - 5*c = -9, -o = -2*o - c - 3. Let n(l) = -89 + 48 + 3*l + 43. What is n(o)?
-7
Let d(n) = -2*n**3 + 4*n**2 + 2*n - 3. Let x = 97 - 24. Let u = 77 - x. Suppose -u*v + 41 = 29. What is d(v)?
-15
Let n(f) = 4*f**3 + f**2 - 9*f + 4. Let t(a) = -5*a**3 + 12*a - 5. Let z(u) = -4*n(u) - 3*t(u). Let k(i) = -4*i + 12. Let s be k(4). What is z(s)?
-1
Let l be (-40)/(-25) - (-2)/5. Let z = -632 - -656. Suppose l*v = -8 + z. Let w(x) = x**2 - 9*x + 5. Give w(v).
-3
Let r = 14837 - 14808. Let j(o) = o**3 - 28*o**2 - 25*o - 34. Calculate j(r).
82
Let l(y) = -y**3 - 5*y**2 + 4*y - 3. Let v be l(-6). Suppose -3*p + 5 = 5*n, -p + v = -6*n + 4*n. Let m(b) = -12*b - 1. What is m(n)?
23
Suppose 0 = 21*d + 216 - 111. Let g(q) = 7*q + 4. Determine g(d).
-31
Suppose -3*p - 11 = -4*p. Suppose -16 = -5*f + 2*w, f = 4*w - w + p. Let o(r) = -r**3 - r - 46*r**2 + 17*r**2 + 9*r**2 + 18*r**f + 1. Calculate o(-3).
13
Let p(z) = -z**3 + 6*z**2 + 20*z - 4. Suppose -166*w - 16 = -168*w. What is p(w)?
28
Let s be ((-15)/9)/((-5)/(-15)). Let c(k) = -k**3 - 6*k**2 - 6*k - 11. Calculate c(s).
-6
Let h(q) be the second derivative of 7*q**3/6 + 34*q**2 + 3*q + 264. Determine h(-8).
12
Let f(b) = -31*b + 41. Let s(l) = 11*l - 14. Let a(i) = -6*f(i) - 17*s(i). Let y(x) = x**2 - 4*x - 5. Let o be y(5). Suppose o = c - 5*c. What is a(c)?
-8
Let i(v) = -3*v**3 + 812*v**2 + v**3 - 273*v**2 + 29 - 273*v**2 - 270*v**2 + 12*v. Determine i(-2).
5
Let h(n) = -2*n**3 + 23*n**2 - 10*n + 16. Let x be h(11). Suppose -3*m - 33 = -x. Let y(j) = -j**3 - j**2 + 3*j + 2. Determine y(m).
0
Let r(k) = k - 1. Suppose -36*f - 21 = -129. Let n(l) = 4*l - 4. Let g(v) = 2*v - 2. Let x(a) = -5*g(a) + 3*n(a). Let p(b) = f*x(b) - 4*r(b). Give p(3).
4
Let a(o) = -o**2 + 6*o - 3. Let b be (152/5)/(3/((-45)/(-6))). Suppose 4*z = b - 64. What is a(z)?
6
Let o(p) = -7*p**2. Let j(a) = -a**3 + a - 1. Let z(h) = j(h) - o(h). Suppose b = 4*c + 7, -4*b - 23*c + 28 = -26*c. What is z(b)?
6
Let s(l) = 2*l + 3. Suppose 3*m + 593 = -3*m + 575. Calculate s(m).
-3
Let g(m) = -2*m**2 - 2344*m + 4672*m - 21 - 2323*m. Determine g(7).
-84
Let m(x) = 8*x + 40. Let y = 20104 - 20109. Give m(y).
0
Let r(h) = -19 + 84 + 6*h - 20 + 98. Give r(-21).
17
Let k(r) = 6*r**2 + 14*r - 9. Let a(g) = -5*g**2 - 13*g + 5. Let m(j) = -5*a(j) - 4*k(j). Give m(-6).
-7
Let s(v) = -v**2 + 8. Suppose -2*c - 7*k = -6*k - 6, 3*c - 6 = -3*k. Suppose -g - c*g + 22*g = 0. Give s(g).
8
Let w(k) be the third derivative of 1/120*k**5 + 8/3*k**3 + 1/12*k**4 + 0*k + 0 + 11*k**2. Let f(t) be the first derivative of w(t). Calculate f(-4).
-2
Suppose -40*g + 5*m = -35*g - 65, 5*g + 2*m - 44 = 0. Let f(n) = -n**3 + 11*n**2 - 11*n + 15. Give f(g).
5
Let y(k) = -12*k - 282. Let x be y(-23). Let s(h) = 5*h**2 - 2*h - 7. Let u(v) = v**2 - v - 1. Let d(a) = x*u(a) + s(a). Calculate d(4).
-1
Let b(p) = -6*p - 6*p - 5*p + 13 + 20*p + 0*p**2 - p**2. Calculate b(0).
13
Let l(z) = -10*z - 156. Let m(p) = -p - 27. Let f(d) = -l(d) + 6*m(d). What is f(6)?
18
Let u = -378 + 379. Let z(q) = 22*q**2 - 6*q. Let p(r) = -21*r**2 + 5*r. Let j(x) = -5*p(x) - 4*z(x). Determine j(u).
16
Let h(a) = 6*a**2 + a - 1. Let u(l) = 7*l**2 + 4*l. Let v(n) = -3*h(n) + 2*u(n). Suppose 2*z + 8 = 4*t, t = -0*t + 4. What is v(z)?
-41
Let j(f) = 2*f**2 + 4*f - 3. Suppose 2*y + 5*t + 12 = 0, 4*y = -2*t - 3*t - 4. Let b be 1/y + 663/(-204). What is j(b)?
3
Let g(y) be the first derivative of -3*y**2 - 63*y - 989. Calculate g(-11).
3
Let u(f) = -6*f**3 + 4*f**2 + 9*f - 10. Let w(o) = -o**3 + o - 1. Let b(k) = u(k) - 5*w(k). Suppose -72*t + 99 = -261. Determine b(t).
-10
Let n(h) = h**2 - 12*h + 16. Let m be (-95)/1 - 2/(30/75). Let l = m - -109. What is n(l)?
-11
Let r(w) be the first derivative of w**3/3 - 5*w**2/2 - 2*w - 11. Suppose 0 = -0*i + 2*i + 5*y + 6, 0 = -4*i - 5*y - 32. Let g = -7 - i. Calculate r(g).
4
Let t(q) = -12*q - 11 + 3 - q**2 + 2. Suppose -3*g + 4*g + 22 = -4*y, 4*g + 13 = -y. Calculate t(y).
29
Let s(o) = -o**3 + 7*o**2 + 3*o - 21. Let x be 204 + -184 + (0 - 13). Determine s(x).
0
Let j(t) = 3*t**2 + 23*t + 22. Let u be j(-1). Let o(d) = -d**3 + 0*d**2 + 2*d - 6 + 9 - 3*d**u + 6 - 2*d**2. Calculate o(-6).
33
Let b(l) = 30*l + 2. Let k(r) = -13*r - 1. Let a(o) = 3*b(o) + 8*k(o). Give a(4).
-58
Suppose -v = -4*s + s - 55, s + 4*v + 40 = 0. Let j = 23 + s. Let t(q) = -2 + 0*q**3 + 6*q**2 + q**j - 10*q**2 + q. Calculate t(3).
-8
Let h(u) = 24*u**2 - 11*u - 55. Let q(w) = 17*w**2 - 8*w - 37. Let l(o) = 5*h(o) - 7*q(o). Give l(-4).
-4
Let a(y) = -9*y - 17*y**2 + 5 + 5 + 30*y**3 - 2 - 1 - 32*y**3. Calculate a(-8).
15
Suppose -11*p + 15*p + 9 = -3*l, 3 = 2*p - l. Let r(v) be the third derivative of v**4/12 + 5*v**3/6 + 46*v**2. Determine r(p).
5
Let s(m) = -7*m. Let j(t) = 2*t - 6*t - t + 13*t. Let g(q) = 6*j(q) + 7*s(q). What is g(7)?
-7
Let b = -9914 + 9905. Let g(n) = -n**3 - 6*n**2 + 24*n. Determine g(b).
27
Suppose -7*k + 137 = -2*k + d, 3*k - 4*d = 96. Let m be ((-4)/2 - -9)*k/(-14). Let i(x) = x**3 + 13*x**2 - 14*x - 10. Give i(m).
-10
Let i(y) = 69*y + 6. Let q(x) = -16*x - 1. Let r(c) = -i(c) - 6*q(c). Calculate r(-1).
-27
Let v(a) be the second derivative of -a**5/20 + 2*a**4/3 - 2*a**3/3 + 5*a**2/2 + 6798*a. What is v(8)?
-27
Suppose 28 = 3*k - 2*s, -2*s + 20 = 225*k - 222*k. Let z(a) = 7*a - 34. Give z(k).
22
Suppose 0 = -9*y - 5*y + 42. Suppose -93 + 48 = -y*x. Let s(d) = d - 15. Give s(x).
0
Suppose 3*t - 5*x - 14 = 4, 2*t - 5 = x. Let b(w) = -59*w**2 - 130*w + 11. Let g(k) = 28*k**2 + 60*k - 5. Let m(i) = -6*b(i) - 13*g(i). What is m(t)?
-11
Let i = 137 + -135. Suppose -4*l - 8 = 0, -2*s + i*l + 20 = 4. Let u(w) = 0*w**2 + 7*w - w**2 + 2*w**2 - 2*w**2. Calculate u(s).
6
Let s(d) = -d**3 - d**2 - d - 1. Let x(w) = 6*w**3 + 13*w**2 + 10*w + 2. Let q(l) = -5*s(l) - x(l). Suppose -3 = z + 4. Determine q(z).
-11
Let d(n) be the third derivative of 7/6*n**3 + 1/12*n**4 + n**2 + 0 + 95*n. Calculate d(-7).
-7
Suppose 3*m - 6 = m. Suppose 0 = -8*h + 7*h + 7. Suppose -m*q + h = -4*q. Let u(w) = -2*w - 6. Give u(q).
8
Suppose 0 = 5*l + 26*r - 25*r + 23, -r + 5 = -2*l. Let i(z) = -z**2 - 2*z + 6. What is i(l)?
-2
Let g(x) = -x**3 + 8*x**2 + 47*x + 14. Let i be g(12). Let y(f) = -7*f - 9 + 1653*f**2 + 16 - 1654*f**i. Calculate y(-8).
-1
Let p(m) = -3*m**3 - 4*m**2 + 3*m + 3. Let z(v) = 10*v**3 + 11*v**2 - 9*v - 10. Let d(n) = -7*p(n) - 2*z(n). Calculate d(-7).
-29
Let d(z) be the first derivative of -z**5/60 - z**4/24 + z**3/2 - 5*z**2/2 + 9. Let u(o) be the second derivative of d(o). Calculate u(3).
-9
Let k(u) = -u**3 + 3*u**2 + 5*u + 12. Let n be k(5). Let h be 7 + n + (-6 - -4). Let x(p) = -p**2 - 11*p + 4. Calculate x(h).
28
Let q(s) = 5*s**3 + 69*s**2 - s + 10. Let u(y) = -12*y**3 - 159*y**2 + 4*y - 21. Let d(a) = -7*q(a) - 3*u(a). Determine d(6).
-37
Let p be (-2195)/9 + 56/(-504). Let l = p - -238. Let i(x) = x**3 + 6*x**2 + 2*x + 9. Calculate i(l).
-3
Suppose -98 + 858 = -190*v. Let i(b) = 8*b**2 + 39*b - 2. Calculate i(v).
-30
Let h(c) be the first derivative of -c**3/3 - 3*c - 1494. Let s = -5 - -21. Suppose 4*g + s = -0. What is h(g)?
-19
Let r(i) = -27 + 22 + 72 - 2*i - 2*i. What is r(21)?
-17
Let z(v) = 5*v**3 - v**2 - 7*v - 5. Let f(c) = 5*c**2 - 63*c - 27. Let k be f(13).